ded by 263.
249
Calculate the remainder when 86978301 is divided by 256.
253
Calculate the remainder when 1375223 is divided by 259.
192
What is the remainder when 97302 is divided by 2401?
1262
Calculate the remainder when 1308111 is divided by 2575.
11
What is the remainder when 4637287 is divided by 662468?
11
Calculate the remainder when 64898 is divided by 12589.
1953
What is the remainder when 328471 is divided by 1410?
1351
What is the remainder when 119132 is divided by 29773?
40
What is the remainder when 8551290 is divided by 234?
228
What is the remainder when 2060443 is divided by 1836?
451
Calculate the remainder when 3988280 is divided by 39.
23
What is the remainder when 3608651 is divided by 26930?
31
What is the remainder when 17494514 is divided by 275?
114
Calculate the remainder when 421021 is divided by 769.
378
What is the remainder when 390721 is divided by 225?
121
What is the remainder when 1215786 is divided by 4149?
129
Calculate the remainder when 148961 is divided by 3382.
153
Calculate the remainder when 231221 is divided by 599.
7
What is the remainder when 1218693 is divided by 101548?
117
Calculate the remainder when 537772 is divided by 537739.
33
What is the remainder when 4410118 is divided by 244996?
190
Calculate the remainder when 284839 is divided by 491.
59
Calculate the remainder when 23412564 is divided by 16058.
0
Calculate the remainder when 2951 is divided by 1038.
875
What is the remainder when 219273 is divided by 109634?
5
Calculate the remainder when 6791051 is divided by 1358201.
46
Calculate the remainder when 194714 is divided by 5247.
575
Calculate the remainder when 123675 is divided by 123673.
2
What is the remainder when 3735065 is divided by 360?
65
What is the remainder when 804383 is divided by 1315?
918
What is the remainder when 3061072 is divided by 1020354?
10
What is the remainder when 25719050 is divided by 2158?
6
What is the remainder when 319751 is divided by 6659?
119
What is the remainder when 162600 is divided by 40475?
700
What is the remainder when 2184574 is divided by 23490?
4
Calculate the remainder when 173722 is divided by 333.
229
What is the remainder when 272985 is divided by 30309?
204
What is the remainder when 216660 is divided by 12743?
29
Calculate the remainder when 365842 is divided by 365839.
3
What is the remainder when 45967 is divided by 3491?
584
Calculate the remainder when 1175247 is divided by 1651.
1386
Calculate the remainder when 39354840 is divided by 22348.
12
What is the remainder when 8048052 is divided by 2682667?
51
What is the remainder when 33437014 is divided by 24?
22
What is the remainder when 1090036 is divided by 32?
20
Calculate the remainder when 800116 is divided by 3380.
2436
What is the remainder when 317666961 is divided by 34?
31
Calculate the remainder when 558025 is divided by 37201.
10
What is the remainder when 5801 is divided by 334?
123
What is the remainder when 687588 is divided by 541?
518
What is the remainder when 27853 is divided by 13846?
161
Calculate the remainder when 48192840 is divided by 13258.
10
Calculate the remainder when 55385802 is divided by 30282.
24
Calculate the remainder when 93899 is divided by 4436.
743
What is the remainder when 38178 is divided by 9714?
9036
Calculate the remainder when 147453536 is divided by 183.
5
Calculate the remainder when 1463247 is divided by 365440.
1487
Calculate the remainder when 250699472 is divided by 9841.
9838
Calculate the remainder when 113645 is divided by 318.
119
What is the remainder when 1095621 is divided by 34238?
5
Calculate the remainder when 3876431 is divided by 2168.
47
What is the remainder when 16406 is divided by 711?
53
What is the remainder when 18589335 is divided by 25?
10
What is the remainder when 83398390 is divided by 42?
40
What is the remainder when 1479082 is divided by 16072?
458
What is the remainder when 107850609 is divided by 1797510?
9
What is the remainder when 130366 is divided by 32518?
294
What is the remainder when 15342 is divided by 5076?
114
Calculate the remainder when 10623698 is divided by 1531.
89
Calculate the remainder when 5048559 is divided by 60826.
1
What is the remainder when 5029705 is divided by 2514845?
15
Calculate the remainder when 46611 is divided by 2710.
541
Calculate the remainder when 8133843 is divided by 194.
5
What is the remainder when 179922213 is divided by 12?
9
Calculate the remainder when 298821 is divided by 10301.
92
What is the remainder when 12692 is divided by 1052?
68
What is the remainder when 135032 is divided by 90?
32
What is the remainder when 1291592 is divided by 154?
148
Calculate the remainder when 17996 is divided by 2239.
84
Calculate the remainder when 1353952 is divided by 7052.
7020
What is the remainder when 3535570 is divided by 3009?
3004
Calculate the remainder when 3863996 is divided by 250.
246
What is the remainder when 1483699 is divided by 741841?
17
Calculate the remainder when 19791847 is divided by 130.
127
What is the remainder when 44367373 is divided by 117374?
1
Calculate the remainder when 3079574 is divided by 1988.
162
What is the remainder when 1907724 is divided by 8?
4
What is the remainder when 6095826 is divided by 6437?
6424
What is the remainder when 496814937 is divided by 12?
9
What is the remainder when 1632 is divided by 18?
12
What is the remainder when 632470196 is divided by 795?
791
Calculate the remainder when 47699 is divided by 55.
14
What is the remainder when 6561515 is divided by 739?
673
Calculate the remainder when 17163699 is divided by 77.
14
Calculate the remainder when 11444172 is divided by 14.
12
Calculate the remainder when 1142856 is divided by 54406.
330
What is the remainder when 591186 is divided by 7721?
4390
What is the remainder when 7433338 is divided by 1374?
1372
Calculate the remainder when 6595082 is divided by 165.
32
Calculate the remainder when 33569005 is divided by 1439.
13
Calculate the remainder when 186985 is divided by 181.
12
What is the remainder when 68089 is divided by 11007?
2047
Calculate the remainder when 13978104 is divided by 1847.
8
What is the remainder when 809372 is divided by 55?
47
Calculate the remainder when 2064569 is divided by 70.
59
Calculate the remainder when 15022158 is divided by 159.
156
Calculate the remainder when 100777 is divided by 6689.
442
Calculate the remainder when 6379866 is divided by 161.
80
What is the remainder when 17876000 is divided by 5125?
0
What is the remainder when 54524 is divided by 27183?
158
Calculate the remainder when 29076 is divided by 13868.
1340
What is the remainder when 84023 is divided by 479?
198
Calculate the remainder when 30626419 is divided by 5104400.
19
Calculate the remainder when 637834 is divided by 28991.
32
Calculate the remainder when 1337257 is divided by 494.
493
Calculate the remainder when 66552 is divided by 1895.
227
What is the remainder when 18180315 is divided by 1184?
1179
What is the remainder when 152354 is divided by 6092?
54
What is the remainder when 11316088 is divided by 4985?
138
Calculate the remainder when 1150642 is divided by 13863.
13
What is the remainder when 193132290 is divided by 184?
2
What is the remainder when 3520496 is divided by 155?
136
What is the remainder when 1183935 is divided by 1475?
985
What is the remainder when 84899269 is divided by 3145?
3139
Calculate the remainder when 78332158 is divided by 60.
58
What is the remainder when 7988280 is divided by 7988276?
4
What is the remainder when 97639 is divided by 8062?
895
Calculate the remainder when 213386 is divided by 106378.
630
What is the remainder when 13213674 is divided by 612?
594
Calculate the remainder when 1894710 is divided by 746.
616
Calculate the remainder when 128472 is divided by 980.
92
Calculate the remainder when 1288296 is divided by 232.
0
What is the remainder when 12743549 is divided by 3697?
3687
Calculate the remainder when 1147195 is divided by 27980.
15
What is the remainder when 2371196 is divided by 296396?
28
Calculate the remainder when 6390443 is divided by 215.
213
What is the remainder when 167839 is divided by 2124?
43
Calculate the remainder when 7079598 is divided by 611.
552
What is the rema